 the units digit of a?
6
What is the tens digit of (-24)/(-7)*(12 + -5)?
2
Let f = 36 + 34. What is the tens digit of f?
7
Let m(c) = -c + 3. Let i be m(-3). Suppose -3*p - 51 = -i*p. Suppose -28 = -3*z + p. What is the units digit of z?
5
Suppose 25 = 5*v - w, -v + 0*w + 2*w - 4 = 0. Suppose 10*b - 8 = v*b. Let q(s) = s - 1. What is the units digit of q(b)?
1
Suppose -5*z = -2*n - 418, 3*z - 39 - 217 = -4*n. What is the units digit of z?
4
Let x(q) = -11*q + 15. Let r(f) = 21*f - 30. Let y(b) = 3*r(b) + 5*x(b). What is the tens digit of y(8)?
4
Let c(l) = l. Let k be c(-3). What is the units digit of ((2 + k)*-1)/1?
1
Let q(z) = 3*z**2 + z + 2. Let j(l) = 4*l**2 + l + 2. Let s(m) = 5*j(m) - 6*q(m). What is the units digit of s(-2)?
8
Suppose -3*b = -0*b + i - 161, i - 213 = -4*b. Let m = -28 + b. What is the units digit of m/10 + 2/(-5)?
2
Let z(m) = 10*m**2 - 2*m. What is the tens digit of z(-2)?
4
Let j(m) = m. Let f be j(1). Let s(r) = r + 1. Let u(k) = -3*k - 5. Let z(p) = f*u(p) + 2*s(p). What is the units digit of z(-5)?
2
Let d = -13 - -17. Suppose 190 = 9*r - d*r. What is the tens digit of r?
3
Suppose d - 132 = -3*d. Let m = d - 7. Let q = m - 14. What is the units digit of q?
2
Let n(f) = -f**2 + 7*f - 7. What is the units digit of n(5)?
3
Let n(g) = -g**2 - 6*g - 4. Let o be n(-4). Suppose 20 = o*b + 4*s, -2*b + 28 = 2*b - 4*s. Suppose 5*w = 46 - b. What is the units digit of w?
8
Suppose 0 = -0*o - o - 4, 2*o - 108 = -2*v. Let g = -35 + v. What is the units digit of g?
3
Let i = -2 - -5. Suppose i*y - y - 3*t - 25 = 0, 0 = 5*t - 5. What is the units digit of y?
4
Let j(s) = -2*s - 10. Let l(c) = 16*c**3 - 2*c**2 + 2*c - 1. Let v be l(1). Let k = -22 + v. What is the units digit of j(k)?
4
Suppose -i - 2*f - 1 = 0, -2*i - 4 = 3*f + 2*f. Let n(z) = z**3 - 3*z**2 + 3*z. Let t be n(i). Suppose 4*q - t = -1. What is the units digit of q?
2
Suppose 4*n = -5*f + 139 + 41, 112 = 2*n - 3*f. What is the units digit of n?
0
Let j = 82 - 33. What is the units digit of j?
9
What is the units digit of (212/(-12))/(-1 - 14/(-15))?
5
Let x be 1*592/4 + 0. Suppose 4*k + 52 = x. What is the units digit of k?
4
Suppose -5*d - 10 = -3*w + 27, -d = -w + 9. Let i = 12 - w. What is the units digit of i?
8
Let n be 3/(1 - (-2)/(-8)). Let q = 10 - 4. Suppose -x + n*x = q. What is the units digit of x?
2
Let y(t) = -t**2 - 14*t - 10. What is the units digit of y(-11)?
3
Let k(z) = z**2 + 5*z + 8. What is the units digit of k(-9)?
4
Let v be ((-4)/(-6))/((-6)/(-27)). What is the units digit of 7 - (0 + v + -1)?
5
Let a(s) = 34*s**2 - 4*s - 5. What is the tens digit of a(-1)?
3
Suppose 4*r = -2*r + 276. What is the units digit of r?
6
Let z = 4 - 4. Let n = z + 2. Suppose 4*m - 2*x - 12 = 0, 2*m + n = -5*x - 16. What is the units digit of m?
1
Let u(y) = 32*y**2 + 2. Let m be u(7). What is the tens digit of (-3)/(-21) + m/35?
4
Let r = -108 + 130. What is the units digit of r?
2
Suppose -3*o + 15 = 2*o. Let r be 3 - -4 - (6 + -2). Suppose -16 = -4*b, o*t = 5*t - r*b + 8. What is the units digit of t?
2
Let z(x) = -x**3 + 8*x**2 - 9*x - 4. Let f be z(7). Let a be (-3)/2*f - -1. Let q = 40 - a. What is the units digit of q?
2
Let l(b) = -b + 13. Let u = -6 - -14. What is the units digit of l(u)?
5
Suppose -3*v = -5*r + 90, 2*v + 85 = 5*r - 2*v. Let a(f) = f**2 - 2*f - 5. Let n be a(5). Let s = r - n. What is the tens digit of s?
1
Let w(f) = f - 1. Let d(y) = -y**2 + 12*y - 12. Let h(x) = -d(x) + 3*w(x). What is the units digit of h(11)?
1
What is the hundreds digit of (-714)/(-14)*8/3?
1
Suppose -n = 4*q - 28, 209 = 5*n + 5*q - 8*q. What is the units digit of n?
0
What is the units digit of (612/(-45))/((-4)/10)?
4
Suppose -6*x + 7*x = i + 97, 3*i = -2*x + 194. What is the tens digit of x?
9
Let a be 0 - (2 - (0 + -1)). Suppose -10*n + 7*n - 21 = 0. What is the units digit of (-2 + n/a)*9?
3
Let l = -3 - -29. What is the tens digit of l?
2
Suppose 120 = 2*d - 136. What is the hundreds digit of d?
1
What is the units digit of 21/3 + 2 + -1?
8
Suppose -3*q + 58 = -29. What is the tens digit of q?
2
Let b = -2 + 0. What is the units digit of ((-7)/1)/(b - -1)?
7
Suppose 11*k - 257 = 1580. What is the hundreds digit of k?
1
Let p(u) = -21*u + 3. Let m(r) = -7*r + 1. Let c(x) = 17*m(x) - 6*p(x). Let l = 0 - -1. What is the units digit of c(l)?
6
Suppose -g - 2*g + 4 = 2*w, -5*g = 4*w - 6. Suppose -1 = g*r + h - 15, -3*r + 28 = 5*h. What is the units digit of r?
6
Let u = 2 - -1. Let s be u/((-14)/(-4) - 2). What is the units digit of (1/s)/((-3)/(-12))?
2
Let f(y) = -y - 4. What is the units digit of f(-8)?
4
Suppose -3*h = 13 - 1. Let r be -2 + h - 0/1. What is the units digit of 36/10 - r/15?
4
Let g(o) = 5*o - 106. Let y(x) = x - 21. Let u(j) = 2*g(j) - 11*y(j). What is the units digit of u(9)?
0
Suppose -4*b + 50 = 2*r, 5*b + r - 3*r = 49. What is the tens digit of b?
1
Suppose -56 = 2*u - 142. What is the tens digit of u?
4
Suppose 0 = -3*h - 2*o - 42, -3*o = -2*h - 4*o - 28. Let q be 5/10 + h/(-4). Suppose -2*g + q*m = 4 + 2, -3*g + 1 = -m. What is the units digit of g?
1
Let f be -2*5/(4/(3 - 7)). Suppose 3*l = 6*l + 24. Let v = f - l. What is the units digit of v?
8
Suppose 3*q - 3*o - 16 = 32, 0 = 4*q + 5*o - 19. Let a(v) = -v**2 - 5*v + 3. Let l be a(-5). Suppose i + l = q. What is the units digit of i?
8
Let q(f) = -f**2 - f - 3. Let b be q(0). Let a(t) = 2*t + 5. Let p(k) = 2*k + 4. Let y(c) = b*a(c) + 4*p(c). What is the units digit of y(1)?
3
Let p(j) = j + 1. Let f be ((-20)/12)/((-2)/6). Let z be p(f). Suppose 2*b = 3*i - 38, 2*i - b - 30 = -z. What is the units digit of i?
0
Let z = 1 - -1. Let k(w) be the second derivative of w**4/6 - w**3/6 - 19*w. What is the units digit of k(z)?
6
Suppose 0 = 5*t - 5 - 0. Let j = 2 - t. What is the units digit of j?
1
Suppose -258 + 18 = -2*t. Suppose -l = -4*l + t. Suppose -3*h - 2*h = -l. What is the units digit of h?
8
Let j(k) = k**2 - k - 5. What is the units digit of j(-7)?
1
Let d be -2*(-16 + 2) + 0. Let q = -67 + d. Let g = -28 - q. What is the tens digit of g?
1
Suppose -3*p + 8*p - 375 = 0. Suppose -3*o + 2*o + 5*w = -27, 5*o = 5*w + p. What is the units digit of o?
2
Suppose 6*d - d - 155 = 0. Suppose -w = 3*p - d, -5*w + p + 224 = 5. What is the tens digit of w?
4
Let b be 4/6*(-6 + 9). Suppose b*o = -2*m + 16, 0 = -4*m - 0*o + o + 27. What is the units digit of m?
7
Let q(r) = -2*r**3 + 5*r**2 - 4*r + 2. Let z(b) = -2 - b**3 - 4*b**2 + 3*b + 0 + 2*b**3. Let s(c) = 2*q(c) + 3*z(c). What is the units digit of s(-3)?
4
What is the units digit of 2/(4 + 200/(-52))?
3
Suppose 3*m - m + 4 = -2*x, -3*m = 12. Suppose 0 = 2*z + 5*w - 90, x*z = -3*z - w + 179. What is the units digit of z?
5
Let z be (-2 + 3 + -3)*-14. What is the tens digit of -60*(-4 + z/8)?
3
Suppose q + 44 = 5*q. Let w = q - 6. What is the units digit of w?
5
Let n be (-6)/(-8) - 1/(-4). Let u(t) = 15*t**3 - t**2 - t + 1. What is the tens digit of u(n)?
1
Let s(x) be the second derivative of x**3/6 + 5*x**2 + 2*x. What is the units digit of s(-5)?
5
Suppose 5*q + 83 = -b, 0 = -2*q + 3*b + 2*b - 17. Let f = 18 - q. What is the units digit of f?
4
Let u(z) = 5*z - 15. What is the tens digit of u(16)?
6
Suppose -4*i + 70 = 42. What is the units digit of i?
7
Let f be (-1)/(2 + 246/(-122)). Suppose -5*c + 3*c = g - 31, -5*c + 3*g = -f. What is the tens digit of c?
1
What is the units digit of 1/(-1) - (234 + -1)*-1?
2
Let u be (-9)/(-3) + (-2 - 1). Suppose 3*m = 2*o - 25 - 14, 5*m + 5 = u. What is the units digit of o?
8
Let u = -10 + 8. Let w = u + 2. Suppose w = -0*n - 4*n + 48. What is the units digit of n?
2
Let i(o) = 3*o**3 - 5*o**3 + 5 + 4*o - 3*o - 4*o**2 + 3*o**3. What is the units digit of i(4)?
9
Let c(o) = 10*o. Let n be c(-2). What is the units digit of ((-8)/n)/((-2)/(-20))?
4
Suppose 0 = -0*v - 5*v + 135. What is the tens digit of v?
2
Suppose l + 0*l = 62. What is the tens digit of l?
6
Let u = -7 + 9. Suppose -l + 118 = 2*z, -3*l = -u*z + 3*z - 59. What is the units digit of z?
9
Suppose 0*x - 2*x = 0. Suppose -a + 23 = q, -3*q - 2*q + 2*a + 129 = x. Suppose -4*p = i - 7 - 4, -5*p + q = -i. What is the units digit of p?
4
Suppose -n = 2*v + v - 3, -3*v + 3 = 3*n. Let r = n + 3. Suppose -3*l + 41 = -r*a - 2*a, 0 = -3*l